{"id":11,"date":"2025-08-14T09:01:34","date_gmt":"2025-08-14T09:01:34","guid":{"rendered":"https:\/\/escritorangelramirez.es\/?page_id=11"},"modified":"2025-08-14T11:20:38","modified_gmt":"2025-08-14T11:20:38","slug":"biografia","status":"publish","type":"page","link":"https:\/\/escritorangelramirez.es\/?page_id=11","title":{"rendered":"Biograf\u00eda"},"content":{"rendered":"<p>[et_pb_section fb_built=\u00bb1&#8243; _builder_version=\u00bb4.27.4&#8243; _module_preset=\u00bbdefault\u00bb global_colors_info=\u00bb{}\u00bb][et_pb_row column_structure=\u00bb1_3,2_3&#8243; _builder_version=\u00bb4.27.4&#8243; _module_preset=\u00bbdefault\u00bb global_colors_info=\u00bb{}\u00bb][et_pb_column type=\u00bb1_3&#8243; _builder_version=\u00bb4.27.4&#8243; _module_preset=\u00bbdefault\u00bb global_colors_info=\u00bb{}\u00bb][et_pb_image src=\u00bbhttps:\/\/escritorangelramirez.es\/wp-content\/uploads\/2025\/08\/firmas-de-libros-angel-ramirez-1.jpg\u00bb title_text=\u00bbfirmas de libros angel ramirez 1&#8243; _builder_version=\u00bb4.27.4&#8243; _module_preset=\u00bbdefault\u00bb global_colors_info=\u00bb{}\u00bb][\/et_pb_image][\/et_pb_column][et_pb_column type=\u00bb2_3&#8243; _builder_version=\u00bb4.27.4&#8243; _module_preset=\u00bbdefault\u00bb global_colors_info=\u00bb{}\u00bb][et_pb_text _builder_version=\u00bb4.27.4&#8243; _module_preset=\u00bbdefault\u00bb hover_enabled=\u00bb0&#8243; global_colors_info=\u00bb{}\u00bb header_2_font=\u00bb|600|||||||\u00bb sticky_enabled=\u00bb0&#8243;]<\/p>\n<h2><span style=\"color: #000000;\">\u00c1NGEL RAM\u00cdREZ<\/span><\/h2>\n<p>[\/et_pb_text][et_pb_divider color=\u00bb#40007d\u00bb divider_weight=\u00bb3px\u00bb _builder_version=\u00bb4.27.4&#8243; _module_preset=\u00bbdefault\u00bb width=\u00bb100px\u00bb custom_margin=\u00bb-20px||||false|false\u00bb global_colors_info=\u00bb{}\u00bb][\/et_pb_divider][et_pb_text _builder_version=\u00bb4.27.4&#8243; _module_preset=\u00bbdefault\u00bb custom_margin=\u00bb-30px||||false|false\u00bb hover_enabled=\u00bb0&#8243; sticky_enabled=\u00bb0&#8243; text_font_size=\u00bb15px\u00bb]<\/p>\n<p style=\"text-align: justify;\"><span style=\"color: #000000;\">\u00c1ngel Ram\u00edrez naci\u00f3 en Nerja (M\u00e1laga) en 1978, desde muy ni\u00f1o sinti\u00f3 afici\u00f3n por la lectura, una afici\u00f3n que con el tiempo se convertir\u00eda en una aut\u00e9ntica pasi\u00f3n. La poes\u00eda y los relatos cortos fueron sus inicios con el mundo de la escritura, pero sin llegar a publicarlo. Tambi\u00e9n escribi\u00f3 obras de teatro, las cuales tuvieron muy buena acogida por el p\u00fablico del grupo de teatro al que pertenec\u00eda en Nerja. La novela polic\u00edaca y la novela de ciencia ficci\u00f3n marcar\u00edan su adolescencia, teniendo como referentes autores como Eduardo Mendoza, Anne Rice o Tolkien. Sin embargo, encaminar\u00eda su vida profesional como auxiliar <\/span><br \/><span style=\"color: #000000;\">administrativo y poco m\u00e1s tarde, como asesor comercial, trabajando para importantes empresas de diferentes sectores. <\/span><br \/><span style=\"color: #000000;\">No obstante, nunca se desvincul\u00f3 de la escritura y por ello en 2012 comienza a escribir su primera novela Manunsthe, cuyo boceto inicial se origin\u00f3 en su \u00e9poca estudiantil en FP. Actualmente, dirige su propio negocio de hosteler\u00eda en un pueblo de C\u00f3rdoba, a la vez que escribe la secuela de Manunsthe, El reclamo de S\u00e9ptines, que contin\u00faa las haza\u00f1as de sus protagonistas de la primera historia.<\/span><\/p>\n<p>[\/et_pb_text][\/et_pb_column][\/et_pb_row][et_pb_row column_structure=\u00bb1_3,2_3&#8243; _builder_version=\u00bb4.27.4&#8243; _module_preset=\u00bbdefault\u00bb global_colors_info=\u00bb{}\u00bb][et_pb_column type=\u00bb1_3&#8243; _builder_version=\u00bb4.27.4&#8243; _module_preset=\u00bbdefault\u00bb global_colors_info=\u00bb{}\u00bb][et_pb_image src=\u00bbhttps:\/\/escritorangelramirez.es\/wp-content\/uploads\/2025\/08\/portada_Manunsthe_-angel-ramirez.jpg\u00bb title_text=\u00bbportada_Manunsthe_ angel ramirez\u00bb _builder_version=\u00bb4.27.4&#8243; _module_preset=\u00bbdefault\u00bb hover_enabled=\u00bb0&#8243; global_colors_info=\u00bb{}\u00bb sticky_enabled=\u00bb0&#8243;][\/et_pb_image][\/et_pb_column][et_pb_column type=\u00bb2_3&#8243; _builder_version=\u00bb4.27.4&#8243; _module_preset=\u00bbdefault\u00bb global_colors_info=\u00bb{}\u00bb][et_pb_text _builder_version=\u00bb4.27.4&#8243; _module_preset=\u00bbdefault\u00bb hover_enabled=\u00bb0&#8243; global_colors_info=\u00bb{}\u00bb header_2_font=\u00bb|600|||||||\u00bb sticky_enabled=\u00bb0&#8243;]<\/p>\n<h2><span style=\"color: #000000;\">MANUNSTHE<\/span><\/h2>\n<p>[\/et_pb_text][et_pb_divider color=\u00bb#40007d\u00bb divider_weight=\u00bb3px\u00bb _builder_version=\u00bb4.27.4&#8243; _module_preset=\u00bbdefault\u00bb width=\u00bb100px\u00bb custom_margin=\u00bb-20px||||false|false\u00bb global_colors_info=\u00bb{}\u00bb][\/et_pb_divider][et_pb_text _builder_version=\u00bb4.27.4&#8243; _module_preset=\u00bbdefault\u00bb custom_margin=\u00bb-30px||||false|false\u00bb hover_enabled=\u00bb0&#8243; sticky_enabled=\u00bb0&#8243; text_font_size=\u00bb15px\u00bb]<\/p>\n<p style=\"text-align: justify;\"><span style=\"color: #000000;\"><strong>Sinopsis<\/strong><\/span><\/p>\n<p style=\"text-align: justify;\"><span style=\"color: #000000;\">\u00bfY si todo cuanto nos hubieran ense\u00f1ado sobre nuestro planeta no fuera cierto? \u00bfY si descubrieras que dispones de un poder ancestral tan inmenso que puedes viajar a cualquier punto de la V\u00eda L\u00e1ctea que desees? \u00bfY si ese poder estuviera amenazado por seres muy poderosos que viven al otro extremo de nuestra galaxia? \u00bfY si esa amenaza atentara directamente contra la V\u00eda L\u00e1ctea y sobre todo sobre nuestro planeta? Esto mismo es lo que est\u00e1 a punto de descubrir Adrien Hawkins, un chico normal y corriente de 25 a\u00f1os que vive en Manunsthe, una isla del pac\u00edfico donde vive y trabaja con su padre en una armer\u00eda. Una noche Adrien se ve sorprendido por un fuerte destello azul que ilumina todo el sal\u00f3n de su casa por unos instantes. Lo m\u00e1s extra\u00f1o es que dicha luz nace de la chaqueta de su padre. A este hecho se le une una extra\u00f1a nota que recibe este en raras circunstancias. A ra\u00edz de este suceso, los protagonistas se sumergir\u00e1n casi sin darse cuenta en una trepidante aventura contrarreloj para desentramar el misterio. Un enigma que de caer en manos equivocadas podr\u00eda hacer tambalear todas las leyes que rigen nuestra galaxia, hasta el punto de verse reducida a cenizas.<\/span><\/p>\n<p style=\"text-align: justify;\"><strong><span style=\"color: #000000;\">19,65\u20ac GASTOS DE ENV\u00cdO INCLUIDOS<\/span><\/strong><\/p>\n<p>[\/et_pb_text][\/et_pb_column][\/et_pb_row][et_pb_row _builder_version=\u00bb4.27.4&#8243; _module_preset=\u00bbdefault\u00bb][et_pb_column _builder_version=\u00bb4.27.4&#8243; _module_preset=\u00bbdefault\u00bb type=\u00bb4_4&#8243;][et_pb_text _builder_version=\u00bb4.27.4&#8243; _module_preset=\u00bbdefault\u00bb hover_enabled=\u00bb0&#8243; sticky_enabled=\u00bb0&#8243;]<\/p>\n<p style=\"font-size: 20px; text-align: left;\"><strong><span style=\"color: #000000;\">COMPRAR<\/span><\/strong><\/p>\n<p>[\/et_pb_text][\/et_pb_column][\/et_pb_row][et_pb_row _builder_version=\u00bb4.27.4&#8243; _module_preset=\u00bbdefault\u00bb column_structure=\u00bb1_4,1_4,1_4,1_4&#8243; hover_enabled=\u00bb0&#8243; sticky_enabled=\u00bb0&#8243;][et_pb_column _builder_version=\u00bb4.27.4&#8243; _module_preset=\u00bbdefault\u00bb type=\u00bb1_4&#8243;][et_pb_text _builder_version=\u00bb4.27.4&#8243; _module_preset=\u00bbdefault\u00bb hover_enabled=\u00bb0&#8243; sticky_enabled=\u00bb0&#8243;]<\/p>\n<p style=\"margin-top: -15px; text-align: left;\"><strong><span style=\"color: #000000;\">N\u00ba de cuenta:<\/span><\/strong><br \/><span style=\"color: #000000;\">ES26 2100 1979 2601 0071 0724<\/span><\/p>\n<p>[\/et_pb_text][\/et_pb_column][et_pb_column _builder_version=\u00bb4.27.4&#8243; _module_preset=\u00bbdefault\u00bb type=\u00bb1_4&#8243;][et_pb_text _builder_version=\u00bb4.27.4&#8243; _module_preset=\u00bbdefault\u00bb hover_enabled=\u00bb0&#8243; sticky_enabled=\u00bb0&#8243;]<\/p>\n<p style=\"margin-top: -10px; text-align: left;\"><strong><span style=\"color: #000000;\">Tel\u00e9fono para Bizum<\/span><\/strong><br \/><span style=\"color: #000000;\">+34 679 232 663<\/span><\/p>\n<p>[\/et_pb_text][\/et_pb_column][et_pb_column _builder_version=\u00bb4.27.4&#8243; _module_preset=\u00bbdefault\u00bb type=\u00bb1_4&#8243;][\/et_pb_column][et_pb_column _builder_version=\u00bb4.27.4&#8243; _module_preset=\u00bbdefault\u00bb type=\u00bb1_4&#8243;][\/et_pb_column][\/et_pb_row][\/et_pb_section]<\/p>\n","protected":false},"excerpt":{"rendered":"<p>\u00c1NGEL RAM\u00cdREZ\u00c1ngel Ram\u00edrez naci\u00f3 en Nerja (M\u00e1laga) en 1978, desde muy ni\u00f1o sinti\u00f3 afici\u00f3n por la lectura, una afici\u00f3n que con el tiempo se convertir\u00eda en una aut\u00e9ntica pasi\u00f3n. La poes\u00eda y los relatos cortos fueron sus inicios con el mundo de la escritura, pero sin llegar a publicarlo. Tambi\u00e9n escribi\u00f3 obras de teatro, las [&hellip;]<\/p>\n","protected":false},"author":1,"featured_media":0,"parent":0,"menu_order":0,"comment_status":"closed","ping_status":"closed","template":"","meta":{"_et_pb_use_builder":"on","_et_pb_old_content":"<!-- wp:divi\/placeholder \/-->","_et_gb_content_width":"","footnotes":""},"class_list":["post-11","page","type-page","status-publish","hentry"],"_links":{"self":[{"href":"https:\/\/escritorangelramirez.es\/index.php?rest_route=\/wp\/v2\/pages\/11","targetHints":{"allow":["GET"]}}],"collection":[{"href":"https:\/\/escritorangelramirez.es\/index.php?rest_route=\/wp\/v2\/pages"}],"about":[{"href":"https:\/\/escritorangelramirez.es\/index.php?rest_route=\/wp\/v2\/types\/page"}],"author":[{"embeddable":true,"href":"https:\/\/escritorangelramirez.es\/index.php?rest_route=\/wp\/v2\/users\/1"}],"replies":[{"embeddable":true,"href":"https:\/\/escritorangelramirez.es\/index.php?rest_route=%2Fwp%2Fv2%2Fcomments&post=11"}],"version-history":[{"count":6,"href":"https:\/\/escritorangelramirez.es\/index.php?rest_route=\/wp\/v2\/pages\/11\/revisions"}],"predecessor-version":[{"id":59,"href":"https:\/\/escritorangelramirez.es\/index.php?rest_route=\/wp\/v2\/pages\/11\/revisions\/59"}],"wp:attachment":[{"href":"https:\/\/escritorangelramirez.es\/index.php?rest_route=%2Fwp%2Fv2%2Fmedia&parent=11"}],"curies":[{"name":"wp","href":"https:\/\/api.w.org\/{rel}","templated":true}]}}

Biografía

<p>[et_pb_section fb_built=»1&#8243; _builder_version=»4.27.4&#8243; _module_preset=»default» global_colors_info=»{}»][et_pb_row column_structure=»1_3,2_3&#8243; _builder_version=»4.27.4&#8243; _module_preset=»default» global_colors_info=»{}»][et_pb_column type=»1_3&#8243; _builder_version=»4.27.4&#8243; _module_preset=»default» global_colors_info=»{}»][et_pb_image src=»https://escritorangelramirez.es/wp-content/uploads/2025/08/firmas-de-libros-angel-ramirez-1.jpg» title_text=»firmas de libros angel ramirez 1&#8243; _builder_version=»4.27.4&#8243; _module_preset=»default» global_colors_info=»{}»][/et_pb_image][/et_pb_column][et_pb_column type=»2_3&#8243; _builder_version=»4.27.4&#8243; _module_preset=»default» global_colors_info=»{}»][et_pb_text _builder_version=»4.27.4&#8243; _module_preset=»default» hover_enabled=»0&#8243; global_colors_info=»{}» header_2_font=»|600|||||||» sticky_enabled=»0&#8243;]</p>
<h2><span style="color: #000000;">ÁNGEL RAMÍREZ</span></h2>
<p>[/et_pb_text][et_pb_divider color=»#40007d» divider_weight=»3px» _builder_version=»4.27.4&#8243; _module_preset=»default» width=»100px» custom_margin=»-20px||||false|false» global_colors_info=»{}»][/et_pb_divider][et_pb_text _builder_version=»4.27.4&#8243; _module_preset=»default» custom_margin=»-30px||||false|false» hover_enabled=»0&#8243; sticky_enabled=»0&#8243; text_font_size=»15px»]</p>
<p style="text-align: justify;"><span style="color: #000000;">Ángel Ramírez nació en Nerja (Málaga) en 1978, desde muy niño sintió afición por la lectura, una afición que con el tiempo se convertiría en una auténtica pasión. La poesía y los relatos cortos fueron sus inicios con el mundo de la escritura, pero sin llegar a publicarlo. También escribió obras de teatro, las cuales tuvieron muy buena acogida por el público del grupo de teatro al que pertenecía en Nerja. La novela policíaca y la novela de ciencia ficción marcarían su adolescencia, teniendo como referentes autores como Eduardo Mendoza, Anne Rice o Tolkien. Sin embargo, encaminaría su vida profesional como auxiliar </span><br /><span style="color: #000000;">administrativo y poco más tarde, como asesor comercial, trabajando para importantes empresas de diferentes sectores. </span><br /><span style="color: #000000;">No obstante, nunca se desvinculó de la escritura y por ello en 2012 comienza a escribir su primera novela Manunsthe, cuyo boceto inicial se originó en su época estudiantil en FP. Actualmente, dirige su propio negocio de hostelería en un pueblo de Córdoba, a la vez que escribe la secuela de Manunsthe, El reclamo de Séptines, que continúa las hazañas de sus protagonistas de la primera historia.</span></p>
<p>[/et_pb_text][/et_pb_column][/et_pb_row][et_pb_row column_structure=»1_3,2_3&#8243; _builder_version=»4.27.4&#8243; _module_preset=»default» global_colors_info=»{}»][et_pb_column type=»1_3&#8243; _builder_version=»4.27.4&#8243; _module_preset=»default» global_colors_info=»{}»][et_pb_image src=»https://escritorangelramirez.es/wp-content/uploads/2025/08/portada_Manunsthe_-angel-ramirez.jpg» title_text=»portada_Manunsthe_ angel ramirez» _builder_version=»4.27.4&#8243; _module_preset=»default» hover_enabled=»0&#8243; global_colors_info=»{}» sticky_enabled=»0&#8243;][/et_pb_image][/et_pb_column][et_pb_column type=»2_3&#8243; _builder_version=»4.27.4&#8243; _module_preset=»default» global_colors_info=»{}»][et_pb_text _builder_version=»4.27.4&#8243; _module_preset=»default» hover_enabled=»0&#8243; global_colors_info=»{}» header_2_font=»|600|||||||» sticky_enabled=»0&#8243;]</p>
<h2><span style="color: #000000;">MANUNSTHE</span></h2>
<p>[/et_pb_text][et_pb_divider color=»#40007d» divider_weight=»3px» _builder_version=»4.27.4&#8243; _module_preset=»default» width=»100px» custom_margin=»-20px||||false|false» global_colors_info=»{}»][/et_pb_divider][et_pb_text _builder_version=»4.27.4&#8243; _module_preset=»default» custom_margin=»-30px||||false|false» hover_enabled=»0&#8243; sticky_enabled=»0&#8243; text_font_size=»15px»]</p>
<p style="text-align: justify;"><span style="color: #000000;"><strong>Sinopsis</strong></span></p>
<p style="text-align: justify;"><span style="color: #000000;">¿Y si todo cuanto nos hubieran enseñado sobre nuestro planeta no fuera cierto? ¿Y si descubrieras que dispones de un poder ancestral tan inmenso que puedes viajar a cualquier punto de la Vía Láctea que desees? ¿Y si ese poder estuviera amenazado por seres muy poderosos que viven al otro extremo de nuestra galaxia? ¿Y si esa amenaza atentara directamente contra la Vía Láctea y sobre todo sobre nuestro planeta? Esto mismo es lo que está a punto de descubrir Adrien Hawkins, un chico normal y corriente de 25 años que vive en Manunsthe, una isla del pacífico donde vive y trabaja con su padre en una armería. Una noche Adrien se ve sorprendido por un fuerte destello azul que ilumina todo el salón de su casa por unos instantes. Lo más extraño es que dicha luz nace de la chaqueta de su padre. A este hecho se le une una extraña nota que recibe este en raras circunstancias. A raíz de este suceso, los protagonistas se sumergirán casi sin darse cuenta en una trepidante aventura contrarreloj para desentramar el misterio. Un enigma que de caer en manos equivocadas podría hacer tambalear todas las leyes que rigen nuestra galaxia, hasta el punto de verse reducida a cenizas.</span></p>
<p style="text-align: justify;"><strong><span style="color: #000000;">19,65€ GASTOS DE ENVÍO INCLUIDOS</span></strong></p>
<p>[/et_pb_text][/et_pb_column][/et_pb_row][et_pb_row _builder_version=»4.27.4&#8243; _module_preset=»default»][et_pb_column _builder_version=»4.27.4&#8243; _module_preset=»default» type=»4_4&#8243;][et_pb_text _builder_version=»4.27.4&#8243; _module_preset=»default» hover_enabled=»0&#8243; sticky_enabled=»0&#8243;]</p>
<p style="font-size: 20px; text-align: left;"><strong><span style="color: #000000;">COMPRAR</span></strong></p>
<p>[/et_pb_text][/et_pb_column][/et_pb_row][et_pb_row _builder_version=»4.27.4&#8243; _module_preset=»default» column_structure=»1_4,1_4,1_4,1_4&#8243; hover_enabled=»0&#8243; sticky_enabled=»0&#8243;][et_pb_column _builder_version=»4.27.4&#8243; _module_preset=»default» type=»1_4&#8243;][et_pb_text _builder_version=»4.27.4&#8243; _module_preset=»default» hover_enabled=»0&#8243; sticky_enabled=»0&#8243;]</p>
<p style="margin-top: -15px; text-align: left;"><strong><span style="color: #000000;">Nº de cuenta:</span></strong><br /><span style="color: #000000;">ES26 2100 1979 2601 0071 0724</span></p>
<p>[/et_pb_text][/et_pb_column][et_pb_column _builder_version=»4.27.4&#8243; _module_preset=»default» type=»1_4&#8243;][et_pb_text _builder_version=»4.27.4&#8243; _module_preset=»default» hover_enabled=»0&#8243; sticky_enabled=»0&#8243;]</p>
<p style="margin-top: -10px; text-align: left;"><strong><span style="color: #000000;">Teléfono para Bizum</span></strong><br /><span style="color: #000000;">+34 679 232 663</span></p>
<p>[/et_pb_text][/et_pb_column][et_pb_column _builder_version=»4.27.4&#8243; _module_preset=»default» type=»1_4&#8243;][/et_pb_column][et_pb_column _builder_version=»4.27.4&#8243; _module_preset=»default» type=»1_4&#8243;][/et_pb_column][/et_pb_row][/et_pb_section]</p>

<p>ÁNGEL RAMÍREZÁngel Ramírez nació en Nerja (Málaga) en 1978, desde muy niño sintió afición por la lectura, una afición que con el tiempo se convertiría en una auténtica pasión. La poesía y los relatos cortos fueron sus inicios con el mundo de la escritura, pero sin llegar a publicarlo. También escribió obras de teatro, las [&hellip;]</p>
